2, 19, 23, 149
List the prime factors of 65029.
65029
List the prime factors of 424101.
3, 373, 379
What are the prime factors of 6261931?
13, 131, 3677
List the prime factors of 216067.
433, 499
List the prime factors of 1229167.
19, 64693
What are the prime factors of 488339?
488339
What are the prime factors of 15794?
2, 53, 149
List the prime factors of 3517323.
3, 29, 40429
List the prime factors of 10547909.
29, 557, 653
What are the prime factors of 671393?
23, 29191
List the prime factors of 332302.
2, 166151
List the prime factors of 20619573.
3, 13, 528707
What are the prime factors of 1019624?
2, 127453
What are the prime factors of 12205378?
2, 43, 347, 409
What are the prime factors of 7116884?
2, 283, 6287
List the prime factors of 310768.
2, 19423
What are the prime factors of 26650544?
2, 1665659
What are the prime factors of 86565?
3, 5, 29, 199
List the prime factors of 3565463.
11, 29, 11177
List the prime factors of 31198.
2, 19, 821
What are the prime factors of 290380?
2, 5, 14519
List the prime factors of 79208.
2, 9901
What are the prime factors of 68471?
13, 23, 229
List the prime factors of 372956.
2, 93239
List the prime factors of 10653141.
3, 127, 27961
List the prime factors of 807639.
3, 7, 38459
What are the prime factors of 3598094?
2, 1009, 1783
What are the prime factors of 279616?
2, 17, 257
List the prime factors of 1424617.
17, 47, 1783
List the prime factors of 5986744.
2, 748343
List the prime factors of 1460941.
1460941
List the prime factors of 1153789.
7, 13, 31, 409
What are the prime factors of 1804747?
7, 347, 743
List the prime factors of 2632587.
3, 37, 641
List the prime factors of 4927660.
2, 5, 37, 6659
What are the prime factors of 1702794?
2, 3, 283799
List the prime factors of 13036565.
5, 19, 41, 3347
List the prime factors of 1087520.
2, 5, 7, 971
List the prime factors of 24942.
2, 3, 4157
List the prime factors of 185004.
2, 3, 571
List the prime factors of 137641.
7, 53
What are the prime factors of 25093049?
25093049
List the prime factors of 194292.
2, 3, 7, 257
What are the prime factors of 696786?
2, 3, 116131
What are the prime factors of 2584033?
2584033
What are the prime factors of 172332?
2, 3, 4787
List the prime factors of 1943941.
1943941
What are the prime factors of 1301293?
7, 26557
List the prime factors of 278794.
2, 139397
List the prime factors of 60956.
2, 7, 311
List the prime factors of 22584819.
3, 7528273
What are the prime factors of 140964?
2, 3, 17, 691
List the prime factors of 243754.
2, 7, 23, 757
What are the prime factors of 1581681?
3, 139, 3793
List the prime factors of 10578841.
7, 13, 101, 1151
List the prime factors of 2678904.
2, 3, 29, 1283
List the prime factors of 2105159.
7, 311, 967
List the prime factors of 239380.
2, 5, 11969
List the prime factors of 1247779.
13, 53, 1811
What are the prime factors of 10816558?
2, 53, 102043
List the prime factors of 8225786.
2, 73, 103, 547
What are the prime factors of 1488016?
2, 93001
List the prime factors of 24524283.
3, 7, 1167823
List the prime factors of 2143760.
2, 5, 127, 211
List the prime factors of 134731.
134731
List the prime factors of 93223.
13, 71, 101
List the prime factors of 3144971.
3144971
What are the prime factors of 62509?
17, 3677
What are the prime factors of 31214479?
769, 40591
What are the prime factors of 4832317?
7, 199, 3469
What are the prime factors of 2685165?
3, 5, 7, 107, 239
What are the prime factors of 1855232?
2, 7247
List the prime factors of 131140.
2, 5, 79, 83
List the prime factors of 6948727.
6948727
What are the prime factors of 248444?
2, 7, 19, 467
List the prime factors of 6162935.
5, 19, 29, 2237
What are the prime factors of 177645?
3, 5, 13, 911
List the prime factors of 300088.
2, 37511
List the prime factors of 10744490.
2, 5, 59, 18211
List the prime factors of 1722675.
3, 5, 103, 223
What are the prime factors of 3087348?
2, 3, 11, 19, 1231
List the prime factors of 2605331.
29, 89839
What are the prime factors of 207402?
2, 3, 13, 2659
What are the prime factors of 195904?
2, 3061
What are the prime factors of 568645?
5, 7, 11, 211
What are the prime factors of 10204732?
2, 23, 110921
What are the prime factors of 5541870?
2, 3, 5, 31, 59, 101
List the prime factors of 448265.
5, 89653
What are the prime factors of 8060958?
2, 3, 17, 2927
What are the prime factors of 217169?
217169
List the prime factors of 3510426.
2, 3, 585071
What are the prime factors of 4712348?
2, 1178087
What are the prime factors of 21686001?
3, 379, 19073
List the prime factors of 636780.
2, 3, 5, 10613
What are the prime factors of 3597323?
199, 18077
List the prime factors of 7273577.
29, 250813
List the prime factors of 1165588.
2, 17, 61, 281
List the prime factors of 4599220.
2, 5, 229961
List the prime factors of 120265.
5, 67, 359
List the prime factors of 2559989.
2559989
List the prime factors of 55192.
2, 6899
What are the prime factors of 1485822?
2, 3, 13, 43, 443
List the prime factors of 835910.
2, 5, 83591
What are the prime factors of 182021?
7, 26003
List the prime factors of 231066.
2, 3, 11, 389
What are the prime factors of 219329?
11, 127, 157
List the prime factors of 2377758.
2, 3, 396293
List the prime factors of 13379828.
2, 7, 11, 43441
List the prime factors of 2017267.
7, 288181
What are the prime factors of 6178781?
7, 19, 46457
What are the prime factors of 22682094?
2, 3, 23, 164363
List the prime factors of 839091.
3, 11, 47, 541
List the prime factors of 597226.
2, 7, 29, 1471
List the prime factors of 20621216.
2, 7, 11, 8369
What are the prime factors of 679945?
5, 7, 19427
List the prime factors of 14537666.
2, 11, 13, 4621
What are the prime factors of 299782?
2, 7, 19, 23
What are the prime factors of 504289?
504289
What are the prime factors of 65653?
7, 83, 113
What are the prime factors of 749901?
3, 249967
List the prime factors of 816872.
2, 7, 29, 503
List the prime factors of 13004829.
3, 1444981
List the prime factors of 641616.
2, 3, 13367
List the prime factors of 3043612.
2, 11, 13, 17, 313
What are the prime factors of 445721?
19, 23459
List the prime factors of 208335.
3, 5, 17, 19, 43
What are the prime factors of 727376?
2, 13, 269
What are the prime factors of 1109306?
2, 11, 50423
What are the prime factors of 9825510?
2, 3, 5, 327517
List the prime factors of 4204.
2, 1051
List the prime factors of 318888.
2, 3, 43, 103
List the prime factors of 2760327.
3, 306703
List the prime factors of 402491.
29, 13879
What are the prime factors of 6597368?
2, 824671
What are the prime factors of 7943131?
7, 17, 66749
List the prime factors of 214336.
2, 17, 197
List the prime factors of 26035364.
2, 17, 382873
List the prime factors of 7751806.
2, 167, 23209
List the prime factors of 821096.
2, 197, 521
What are the prime factors of 140422?
2, 61, 1151
List the prime factors of 968775.
3, 5, 12917
What are the prime factors of 570423?
3, 7, 23, 1181
List the prime factors of 2614417.
13, 83, 2423
What are the prime factors of 279208?
2, 17, 2053
List the prime factors of 32690.
2, 5, 7, 467
What are the prime factors of 115748?
2, 19, 1523
What are the prime factors of 3637318?
2, 79, 23021
What are the prime factors of 921093?
3, 307031
What are the prime factors of 2141452?
2, 19, 1483
List the prime factors of 5039174.
2, 7, 17, 31, 683
What are the prime factors of 1992461?
277, 7193
List the prime factors of 184318.
2, 157, 587
What are the prime factors of 263814?
2, 3, 43969
List the prime factors of 4087316.
2, 37, 27617
List the prime factors of 6346.
2, 19, 167
What are the prime factors of 230316?
2, 3, 17, 1129
List the prime factors of 104258.
2, 7, 11, 677
List the prime factors of 36447164.
2, 13, 700907
What are the prime factors of 609069?
3, 203023
List the prime factors of 1453890.
2, 3, 5, 48463
What are the prime factors of 2463238?
2, 37, 33287
List the prime factors of 275244.
2, 3, 22937
What are the prime factors of 7028204?
2, 1291, 1361
List the prime factors of 1545057.
3, 171673
What are the prime factors of 230971?
13, 109, 163
List the prime factors of 31475289.
3, 47, 223229
List the prime factors of 537960.
2, 3, 5, 4483
What are the prime factors of 298884?
2, 3, 24907
List the prime fac